mainder when i(19) is divided by t?
33
Let r(o) = 2*o**2 - o + 3. What is the remainder when r(15) is divided by 49?
46
Let x = -35 - -52. Suppose 0 = -v + 2*g + x, -5*g + 0*g = -v + 26. Let h(k) = -6*k - 10. Calculate the remainder when h(-7) is divided by v.
10
Suppose -2*u + 17 = -11. Let m be (-45 + -1 + 0)/(29/(-87)). Suppose -3*x - 2 - 1 = 0, -2*i = -4*x - m. Calculate the remainder when i is divided by u.
11
Let v(z) = z**3 + 21*z**2 + 2*z + 48. What is the remainder when 19 is divided by v(-21)?
1
Let l = 48 - -30. Calculate the remainder when 149 is divided by l.
71
Let h = 31 - 53. Let u = -13 - h. Calculate the remainder when 14 is divided by u.
5
Suppose 31*r - 689 = 18*r. What is the remainder when 155 is divided by r?
49
Calculate the remainder when 0 + 1 - 4 - (-1649)/17 is divided by (-236)/(-10) - (-2)/5.
22
Let d(v) = v**2 + 2*v + 4. Let f be 2 - -2 - (-2 - 2). Calculate the remainder when ((-146)/f)/(6/(-24)) is divided by d(3).
16
Suppose -3*y - 32 = 4*c + 25, -19 = y - 4*c. Let g = y - -30. What is the remainder when 43 is divided by g + 1 - (-3 - -6)?
7
Suppose -4*f + 185 = f - 2*q, -4*f - 4*q = -176. What is the remainder when 466 is divided by f?
37
Let q(k) = -k**3 - 3*k**2 + 2*k - 5. Let l(a) = a**3 + 4*a**2 - a + 5. Let b(g) = -4*l(g) - 3*q(g). Calculate the remainder when 35 is divided by b(-7).
8
Suppose 0*l - 5*l = 4*a - 65, -5*l + 5*a + 20 = 0. What is the remainder when l is divided by 18/(-3)*(-5 + 4)?
3
Suppose 50 = 3*z + 5*x, 5*z - 15*x = -13*x + 104. What is the remainder when z is divided by 14?
6
Suppose -3*g + 40 = 4*b, -5*g - 2*b = -7*b - 55. What is the remainder when 45 is divided by g?
9
Let l = -4492 + 4496. Let n(a) = -a**3 + 6*a**2 - 3*a - 1. What is the remainder when n(5) is divided by l?
1
Let m(f) = -2*f + 1. Let g(c) be the second derivative of -c**5/10 - c**4/4 + c**3/2 + c**2/2 + 5*c. What is the remainder when g(-3) is divided by m(-3)?
5
Suppose 3*a + 6 = 0, -8*q + 2*a - 152 = -11*q. Calculate the remainder when 206 is divided by q.
50
Suppose 4*u = 2*l - 32, 0*l + 4*u = 5*l - 62. Suppose -3*h - 4 = -l. Suppose h + 34 = 2*i. What is the remainder when i is divided by 10?
8
Let f(r) = -r**3 + 7*r**2 + 2*r - 14. Let i be f(7). Suppose i = 14*d - 714 - 1176. What is the remainder when d is divided by 17?
16
Let b(f) = 9*f**2 + 2*f + 10. Calculate the remainder when b(3) is divided by 34.
29
Let d(j) = 3*j - 18. Let z = 43 - 34. Calculate the remainder when d(z) is divided by (-4 - 1)*54/(-45).
3
Suppose 7*z = 60 + 52. Suppose 2*p = -5*v - p + 374, 3*p = 2*v - 158. What is the remainder when v is divided by z?
12
Let m(i) = -i**3 - 50*i**2 - 8*i - 148. Calculate the remainder when m(-50) is divided by 84.
0
Let c(z) = -z**2 - 18*z + 1. Let t be c(-21). Calculate the remainder when (-1)/(-3) - (-179)/3 is divided by (t/6)/(1/(-3)).
29
Let u be (20/(-8))/5*-126. Suppose 8*a - u = 5*a. What is the remainder when a is divided by (-5)/((-10)/(-8)) + 16?
9
Let r be (66/55)/(2/745). Suppose -4*j + j + r = 0. What is the remainder when j is divided by 51?
47
Let l(m) = m**3 - 12*m**2 + 13*m + 16. Calculate the remainder when l(11) is divided by 35.
3
Let m = 17 - 14. Suppose m*y + 2*d = -0*d + 276, -5*y + 465 = 5*d. What is the remainder when y is divided by 31?
28
Suppose 3*r - 9 = 72. Calculate the remainder when r is divided by 18.
9
Suppose -3*k + 110 = 5*f - 0*k, 5*f = 5*k + 110. Let p = f + 21. Calculate the remainder when p is divided by 5.
3
Let l be (-5110)/(-25) + (-6)/(-10). Suppose 5*v + 5*j - l = 0, 5*v - 3*j = 6*v - 49. What is the remainder when v is divided by 20?
17
Let b = -140 + 228. What is the remainder when b is divided by 23?
19
Let t(i) = 100*i**2 + i + 1. Let j be t(-3). Let y be j/8 + (-2)/8. Suppose -310 = -3*l - y. What is the remainder when l is divided by 23?
20
Calculate the remainder when (-3)/6*(1 - (-945)/(-9)) is divided by 37.
15
Suppose -u + 5*q = 6, 3*u - 5*q = 7 + 5. Let c = 12 - u. Suppose c*a = -2*a + 145. What is the remainder when 57 is divided by a?
28
Let j(a) = -5*a - 8. Let r(w) = 5*w - 11*w - 6 + 6*w**2 - 4*w**2. What is the remainder when j(-7) is divided by r(5)?
13
Let z be (6/10)/(8/80). Suppose z*a - 22 = 4*a. What is the remainder when 32 is divided by a?
10
Suppose 0 = 2*q - 104 - 366. Suppose 7*l = 12*l - q. Suppose -v = -l - 10. Calculate the remainder when v is divided by 12.
9
Suppose 5 = j - 3. Suppose 0 = c + h - j, -3*c = -0*c + 5*h - 20. Let i(o) = o**2 - 10*o + 18. What is the remainder when i(10) is divided by c?
8
Let d = 222 - 194. Calculate the remainder when 83 is divided by d.
27
Let n be (-605)/(-5) + -1 + -1. Suppose 0 = -3*j + 34 + n. Calculate the remainder when j is divided by 2/4*2*18.
15
Calculate the remainder when 59 is divided by 2 + (-6 - (-2)/(6/63)).
8
Suppose -2*u + 425 = -29. Let c = -126 + u. Suppose 0 = 22*a + 25*a - 1598. What is the remainder when c is divided by a?
33
Suppose -l - 4*l + 80 = 0. Let t = 2892 - 2886. What is the remainder when l is divided by t?
4
Let s be (3/6)/(6/(-168)). Let z = s - 181. What is the remainder when (-4511)/z - (-2)/(-15) is divided by 4?
3
Let p(b) be the third derivative of b**5/60 - 7*b**3/2 + 13*b**2. Calculate the remainder when p(-7) is divided by -1 + 2 + 45/3.
12
Suppose 20*r - 7731 + 1171 = 0. Calculate the remainder when r is divided by 22.
20
Let k be 1 - (0 + -5)/5. Let g be 15*4 + k + -4. Suppose 0 = -o - o + g. Calculate the remainder when 115 is divided by o.
28
Calculate the remainder when 68 is divided by 10 + 18/(-6) + 19.
16
Suppose -2*w - 2*w - 5*t = -83, 0 = -t + 3. Calculate the remainder when 42 is divided by w.
8
Suppose -3*h - 5*y + 23 = 0, 0 = h + 4*y + 3 - 6. Calculate the remainder when (-82)/(-4 + 3 - 1) is divided by h.
8
Let f be (-6)/15 - (-36)/15. Suppose -t = f*t - 120. Suppose 3*a + 2*m = -a + 94, 3*a = 5*m + 38. Calculate the remainder when t is divided by a.
19
Let a = -561 - -602. What is the remainder when 95 is divided by a?
13
Let d = 65 - -41. What is the remainder when d is divided by 40?
26
Let a(h) = h**3 + 4*h**2 - 6*h + 3. Let o be a(-5). Let m = o + -12. Calculate the remainder when (-322)/(-21)*(-6)/m is divided by 6.
5
Let k = 33 + 12. What is the remainder when k is divided by 10?
5
Let y = 15 + 7. Let c(g) = g**2 + g + 4. Let a be c(0). Calculate the remainder when 63/((-6 - -3) + a) is divided by y.
19
Suppose 47*m - 2318 - 1206 = 377. What is the remainder when m is divided by (-205)/(-7) + (-4)/14?
25
Let q be (10/(-4))/5 - 35/2. Calculate the remainder when (7 - 4) + -6 - q is divided by 8.
7
Suppose 16*v - 2301 = -173. Calculate the remainder when v is divided by 9.
7
Let l = 5368 - 2261. Calculate the remainder when l is divided by 12.
11
Suppose 2*b + 3*s - 222 = -b, 2*b + 3*s - 150 = 0. What is the remainder when 359 is divided by b?
71
Let b(n) = -42*n**2 - n - n**3 - n + 35*n**2 - 12. Let p be b(-7). Calculate the remainder when 5 is divided by (1 - p) + 5 + -2.
1
Let w = 15 - 2. Let z(k) = 2*k**2 - 5*k + 8. What is the remainder when z(6) is divided by w?
11
Suppose -3 = y, 5*y - 461 = 2*g - 2672. What is the remainder when g is divided by 25?
23
Let g = -284 - -297. What is the remainder when 778 is divided by g?
11
Suppose -5*g = -3*o - 2*g + 96, -96 = -3*o - 2*g. Suppose 3*b - 109 = o. Calculate the remainder when b is divided by 10.
7
Suppose 2*l = -2*l + 56. What is the remainder when (-2)/(-12) - 24161/(-222) is divided by l?
11
Let u(i) = 3*i**3 + 71*i**2 - 26*i - 32. What is the remainder when 42 is divided by u(-24)?
10
Let c(f) = f + 4. Let n be c(-3). Let v(l) be the third derivative of 7*l**5/20 + 150*l**2. What is the remainder when v(n) is divided by 4?
1
Let n = -295 - -295. Suppose -4*m - 98 = -4*i - 2*m, n = -3*m + 9. Calculate the remainder when (-2)/(-3) - (-770)/6 is divided by i.
25
Let d(s) = -s**2 - 37*s - 196. What is the remainder when 88 is divided by d(-29)?
16
Let o(s) = s**2 + s + 9. Let v be o(0). Let t = -7 + v. Calculate the remainder when t is divided by 1.
0
Suppose -4*u + 2 = -2, -4*j = 3*u - 91. What is the remainder when j is divided by (-58)/(-8) - 2/8?
1
Calculate the remainder when 280 is divided by (12/((-864)/852))/(1/(-6)).
67
Suppose 0 = 5*p + 2*x - 210, -x - 210 = -21*p